- 21. Determine c(-2).
-11
Let p(t) = -t**2 + 60*t - 461. Calculate p(9).
-2
Let z(n) = -24*n**2 - 957*n + 139. Give z(-40).
19
Let b(h) = h**3 + 2*h**2 + 45*h + 131. Give b(-3).
-13
Let j(d) = -2*d**2 + 7*d + 38. Determine j(11).
-127
Let b(x) = 2012*x - 8032. Give b(4).
16
Let b(w) = -w**3 + 6*w**2 - 100*w + 715. What is b(8)?
-213
Let g(s) = 1455*s - 144047. What is g(99)?
-2
Let r(h) = 182*h - 8371. Calculate r(46).
1
Let z(q) = 5*q**2 - 290*q - 1578. Give z(63).
-3
Let w(f) = f**3 + 41*f**2 - 177*f + 116. What is w(-45)?
-19
Let t(z) = z**3 + 29*z**2 - 177*z - 133. Determine t(-34).
105
Let z(j) = -j**2 + 12*j + 216. What is z(22)?
-4
Let z(i) = 83*i + 515. Determine z(-6).
17
Let u(y) = -98*y - 1070. What is u(-11)?
8
Let t(y) = -35*y - 214. Give t(6).
-424
Let b(o) = -3*o**3 + 144*o**2 + o - 103. What is b(48)?
-55
Let i(g) = g**3 - 27*g**2 + 12*g + 103. Calculate i(26).
-261
Let o(i) = -920*i + 2851. Determine o(3).
91
Let z(c) = -35*c - 61. Calculate z(-3).
44
Let a(m) = m**2 + m + 7. Determine a(-12).
139
Let l(v) = 2*v**2 - 44*v - 81. Calculate l(0).
-81
Let z(m) = 2*m**2 - 76*m - 635. Determine z(46).
101
Let n(u) = 9*u + 109. Give n(-11).
10
Let v(s) = -s**3 - 39*s**2 + 146*s + 848. What is v(-42)?
8
Let d(a) = a**2 + 22*a - 223. Calculate d(-30).
17
Let r(c) = -18*c + 767. Give r(44).
-25
Let j(r) = 9*r - 166. What is j(24)?
50
Let h(m) = 38*m**2 - 243*m + 77. Determine h(6).
-13
Let p(f) = -32*f + 834. Give p(25).
34
Let q(j) = 57*j + 141. Give q(-3).
-30
Let c(j) = 147*j**2 - 585*j + 9. Give c(4).
21
Let x(w) = 69*w + 153. Calculate x(-3).
-54
Let r(k) = 933*k + 1358. Give r(-2).
-508
Let g(u) = -8*u**3 + 74*u**2 - 26*u + 28. Determine g(9).
-44
Let n(l) = -447*l - 7608. Give n(-17).
-9
Let o(y) = -y**3 - 3*y**2 + 35*y + 108. What is o(6)?
-6
Let s(r) = 1052*r - 28396. Calculate s(27).
8
Let a(x) = x**3 - 6*x**2 - 37*x + 255. Give a(6).
33
Let s(c) = c**3 - 21*c**2 + 45*c + 5. Calculate s(4).
-87
Let w(h) = -2*h**3 - 6*h**2 + 8*h. Give w(-4).
0
Let g(i) = 40*i - 271. Give g(15).
329
Let l(a) = -7*a + 121. Calculate l(41).
-166
Let d(w) = -1544*w - 1544. What is d(-1)?
0
Let x(o) = o**3 + 84*o**2 + 75*o - 999. Calculate x(-83).
-335
Let o(c) = -2*c**3 + 34*c**2 + 4*c - 7. Calculate o(17).
61
Let q(k) = k**2 + 15*k + 39. Give q(-9).
-15
Let g(l) = l**3 - 29*l**2 + 33*l + 590. What is g(27)?
23
Let n(y) = y**2 - 9*y + 5. What is n(5)?
-15
Let i(w) = 10*w**2 - 40*w - 13. Determine i(5).
37
Let z(a) = -3*a**2 - 514*a - 7998. What is z(-154)?
10
Let p(m) = -10*m - 139. Give p(-13).
-9
Let x(q) = -4*q**2 - 3*q + 38. Determine x(-4).
-14
Let f(k) = k**3 - 21*k**2 + 91*k + 104. Calculate f(8).
0
Let m(w) = 288*w - 25061. Calculate m(87).
-5
Let f(u) = -u**3 + 340*u**2 - 4561*u - 968. Give f(326).
10
Let u(w) = -2*w**3 + 19*w**2 - 13*w - 83. What is u(8)?
5
Let f(m) = 2*m**3 - 81*m**2 + 40*m - 77. What is f(40)?
-77
Let b(s) = 54*s - 1234. Calculate b(22).
-46
Let m(w) = -3*w**2 - 116*w + 155. What is m(-40)?
-5
Let n(p) = -9398*p - 48. Give n(0).
-48
Let r(m) = 43*m - 298. Calculate r(2).
-212
Let k(w) = -89*w + 11. What is k(-5)?
456
Let g(k) = -k**3 - 121*k**2 - 475*k - 30. Give g(-4).
-2
Let o(w) = 4*w**2 - 311*w + 170. Give o(77).
-61
Let w(r) = r**2 - 20*r - 138286. What is w(382)?
-2
Let t(s) = 2*s**3 - 7*s**2 - 10*s - 31. Determine t(8).
465
Let h(w) = 2*w**2 - 72*w + 171. Determine h(27).
-315
Let j(i) = 38*i**2 + 151*i + 453. Determine j(-3).
342
Let b(h) = 2*h**2 + 184*h + 98. Give b(-92).
98
Let f(u) = -u**3 + 7*u**2 + 167. Give f(9).
5
Let v(t) = 226*t**2 - t - 1. What is v(-1)?
226
Let l(r) = -r**3 - 16*r**2 + 42*r - 120. What is l(-18)?
-228
Let u(g) = g**3 + 22*g**2 + 107*g + 26. What is u(-16)?
-150
Let c(a) = -98*a**2 - 13426*a + 5. Calculate c(-137).
5
Let y(v) = v**2 - 12*v + 115. Give y(15).
160
Let m(p) = 28*p - 92. Calculate m(2).
-36
Let z(l) = -22*l**2 + 20*l - 4. Determine z(2).
-52
Let x(i) = i**2 + 8*i + 53. What is x(-12)?
101
Let l(j) = -39*j + 3333. Calculate l(85).
18
Let x(h) = h**3 - 32*h**2 + 154*h + 64. What is x(26)?
12
Let q(a) = a**3 + 36*a**2 + 35*a + 18. Give q(-35).
18
Let k(b) = -12*b**2 - 38*b - 10. Calculate k(-4).
-50
Let j(w) = -w**2 + 3*w - 9. Give j(-6).
-63
Let y(n) = 2*n**3 + 4*n**2 - 16*n + 22. What is y(-6)?
-170
Let j(d) = -9*d**2 + 28*d - 28. What is j(-4)?
-284
Let u(k) = -k**3 - 5*k**2 + 81*k - 507. Calculate u(8).
-691
Let z(b) = -3*b**2 + 16*b - 20. Give z(10).
-160
Let g(n) = 43*n - 623. Determine g(15).
22
Let z(d) = 75*d + 459. What is z(-6)?
9
Let i(c) = -3*c**2 + 48*c - 122. Calculate i(14).
-38
Let d(y) = 15*y**2 + 2*y - 4. Give d(1).
13
Let q(k) = 46*k + 453. What is q(-11)?
-53
Let b(x) = -38*x - 34. Calculate b(0).
-34
Let m(k) = 7*k - 413. What is m(-30)?
-623
Let x(l) = l**3 + 34*l - 69. Calculate x(2).
7
Let w(j) = -15*j**2 + 298*j + 26. Determine w(20).
-14
Let d(i) = -i**2 - 88*i - 1203. What is d(-75)?
-228
Let x(w) = w**2 - 18*w - 64. Determine x(23).
51
Let a(y) = -2*y**2 - 109*y - 1447. Determine a(-24).
17
Let c(b) = 14*b**2 + 12*b + 21. Give c(-2).
53
Let m(g) = -g**3 - 96*g**2 + 1168*g - 949. What is m(-107)?
14
Let y(n) = 8*n**2 + 308*n + 99. Determine y(-38).
-53
Let b(w) = w**3 - 5*w**2 - 245*w + 1438. Calculate b(6).
4
Let c(w) = -6*w**2 + 75*w + 155. What is c(-2)?
-19
Let n(h) = -5*h + 27. Determine n(-19).
122
Let t(u) = 2*u**3 - 8*u**2 - 10*u + 25. Give t(6).
109
Let u(n) = n**2 + 67*n + 995. Calculate u(-44).
-17
Let b(p) = -4*p**3 + 78*p**2 - 58*p + 390. Determine b(19).
10
Let j(m) = m**3 - 69*m**2 - 71*m + 41. What is j(70)?
-29
Let i(z) = -22*z - 31. Calculate i(9).
-229
Let i(a) = a**2 - 31*a + 355. Determine i(14).
117
Let o(g) = -2*g**3 + 262*g**2 + 262*g + 264. Give o(132).
0
Let k(z) = 7*z**2 + 134*z + 437. Give k(-4).
13
Let x(l) = 2*l**2 + 626*l + 17988. Give x(-281).
4
Let t(l) = -2*l**2 + l + 814. Give t(-24).
-362
Let a(g) = -3*g**2 - 134*g - 737. What is a(-38)?
23
Let j(s) = -s**3 + 6*s**2 + 7*s - 51. Determine j(5).
9
Let u(r) = 17*r + 76. Calculate u(-6).
-26
Let q(x) = -1740*x + 43515. Calculate q(25).
15
Let b(r) = -r**3 + 7*r**2 - 6*r + 1. Determine b(5).
21
Let h(f) = -44*f + 43. Give h(13).
-529
Let s(k) = -498*k - 561. Give s(-1).
-63
Let u(b) = -6*b**3 - 36*b**2 - 2*b + 3. What is u(-6)?
15
Let u(q) = q**3 + 64*q**2 + 453*q + 59. Determine u(-56).
-221
Let z(l) = 2*l**3 - 7*l**2 + 25*l + 1. Calculate z(6).
331
Let g(b) = -29*b**2 - 4*b + 8. What is g(2)?
-116
Let s(f) = 54*f**3 - 6*f**2 + 1. Determine s(1).
49
Let g(n) = -2*n**3 - 16*n**2 - 34*n - 7. Determine g(-3).
5
Let h(n) = -n**2 + 105*n - 1064. Calculate h(11).
-30
Let w(r) = r**3 + 4*r**2 - 16*r + 36. Determine w(-7).
1
Let f(z) = -756*z - 7570. Calculate f(-10).
-10
Let y(c) = c**3 - 261*c**2 + 119*c - 31070. Give y(261).
-11
Let t(i) = -5697*i - 45592. Calculate t(-8).
-16
Let p(x) = 3*x**2 - 12*x + 27. Calculate p(2).
15
Let l(c) = c**3 - 150*c**2 + 100*c + 7294. What is l(149)?
-7
Let o(s) = -s**3 + 17*s**2 - 35*s + 78. Calculate o(5).
203
Let n(q) = 8*q**2 - 113*q + 19. Determine n(14).
5
Let k(t) = t**3 + 19*t**2 - 15*t + 179. Determine k(-20).
79
Let o(l) = -5*l**2 + 193*l - 10. What is o(38)?
104
Let p(o) = o**2 - 14*o - 51. Determine p(22).
125
Let w(q) = q**2 - 39*q - 6763. Determine w(104).
-3
Let y(f) = f**3 + 30*f**2 - 391*f + 367. Give y(-40).
7
Let r(o) = -o**2 - 80*o + 739. Calculate r(-89).
-62
Let u(n) = n**2 - 396*n + 17022. Calculate u(49).
19
Let j(z) = 35*z + 311. Give j(-9).
-4
Let j(q) = -q**2 + 46*q + 1092. Calculate j(61).
177
Let r(f) = -8*f**2 + 462*f + 609. Give r(59).
19
Let q(a) = 5*a**2 - 117*a - 347. Give q(26).
-9
Let m(k) = 306*k + 606. What is m(-2)?
-6
Let n(k) = -11*k**2 - 82*k. What is n(-9)?
-153
Let s(c) = 214*c + 5178. Give s(-24).
42
Let g(y) = -828*y + 11433. Calculate g(14).
-159
Let z(n) = -n**2 - 44*n + 1190. What is z(-63)?
-7
Let l(y) = -99*y - 90. Determine l(-1).
9
Let a(v) = -4*v**2 - 491*v - 3837. What is a(-8)?
-165
Let l(i) = -i - 118. Give l(-14).
-104
Let z(p) = 3*p**2 + 149*p + 290. What is z(-2)?
4
Let x(t) = 84*t - 623. Calculate x(7).
-35
Let q(n) = -n**3 + 20*n**2 - 28*n + 173. Give q(19).
2
Let s(z) = -44*z - 170. Calculate s(-5).
50
Let w(h) = -7600*h + 144404. Calculate w(19).
4
Let m(g) = 164*g - 7